{"id":83,"date":"2015-03-04T15:35:22","date_gmt":"2015-03-04T15:35:22","guid":{"rendered":"http:\/\/www.solution-informatique.lu\/?page_id=83"},"modified":"2021-02-10T06:29:36","modified_gmt":"2021-02-10T05:29:36","slug":"ige-compta","status":"publish","type":"page","link":"https:\/\/www.solution-informatique.lu\/?page_id=83","title":{"rendered":"IGE-Compta +"},"content":{"rendered":"<p>Un outil et des fonctionnalit\u00e9s adapt\u00e9es au travail quotidien d&#8217;une soci\u00e9t\u00e9.\u00a0R\u00e9sum\u00e9 des principales fonctionnalit\u00e9s:<\/p>\n<ul>\n<li>Gestion multi soci\u00e9t\u00e9s, multi devises , multi exercices, multi p\u00e9riodes, multi utilisateurs<\/li>\n<li>Comptabilit\u00e9 g\u00e9n\u00e9rale<\/li>\n<li>Comptabilit\u00e9 analytique<\/li>\n<li>G\u00e9n\u00e9ration des documents au format PDF (envoi par e-mail)<\/li>\n<li>Exports de toutes les donn\u00e9es aux formats Texte, RTF (Word), HTML, XML,\u00a0eCDF,\u00a0FAIA&#8230;)<\/li>\n<li>\u200bImpression Bilan automatique<\/li>\n<li>G\u00e9n\u00e9ration des \u00e9critures de fin d&#8217;ann\u00e9e<\/li>\n<li>G\u00e9n\u00e9ration des \u00e9critures de cl\u00f4ture<\/li>\n<li>Fichier Multiline (paiement fournisseurs)<\/li>\n<li>&#8230;<\/li>\n<\/ul>\n<p><strong>N&#8217;h\u00e9sitez pas \u00e0 demander votre version gratuite &#8220;TRIAL&#8221;<\/strong><\/p>\n<p style=\"text-align: left;\"><a href=\"https:\/\/www.solution-informatique.lu\/?page_id=121\">Nos tarifs \u2013 Solution Informatique <\/a><\/p>\n<p>&nbsp;<\/p>\n<p style=\"font-family: 'Helvetica Neue', Helvetica, Arial, sans-serif; font-size: 13.12px;\"><img loading=\"lazy\" decoding=\"async\" class=\"size-full wp-image-272 alignnone\" src=\"https:\/\/www.solution-informatique.lu\/wp-content\/uploads\/2015\/03\/Made-in-Luxembourg-transparent.png\" alt=\"Made in Luxembourg transparent\" width=\"283\" height=\"224\" \/><\/p>\n<p>Nos r\u00e9f\u00e9rences<\/p>\n<ul>\n<li>Fiduciaire Centrale\u00a0du Luxembourg sa<\/li>\n<li>Fiduciaire\u00a0Claude Uhres\u00a0&amp; Cie s.a.<\/li>\n<li>Fiduciaire\u00a0Luxor<\/li>\n<li>Fiduciaire\u00a0Treis<\/li>\n<li>Fiduciaire\u00a0Kieffer<\/li>\n<li>&#8230;<\/li>\n<\/ul>\n<p>&nbsp;<\/p>\n","protected":false},"excerpt":{"rendered":"<p>Un outil et des fonctionnalit\u00e9s adapt\u00e9es au travail quotidien d&#8217;une soci\u00e9t\u00e9.\u00a0R\u00e9sum\u00e9 des principales fonctionnalit\u00e9s: Gestion multi soci\u00e9t\u00e9s, multi devises , multi exercices, multi p\u00e9riodes, multi utilisateurs Comptabilit\u00e9 g\u00e9n\u00e9rale Comptabilit\u00e9 analytique G\u00e9n\u00e9ration des documents au format PDF (envoi par e-mail) Exports de toutes les donn\u00e9es aux formats Texte, RTF (Word), HTML, XML,\u00a0eCDF,\u00a0FAIA&#8230;) \u200bImpression Bilan automatique G\u00e9n\u00e9ration [&hellip;]<\/p>\n","protected":false},"author":1,"featured_media":0,"parent":45,"menu_order":0,"comment_status":"closed","ping_status":"closed","template":"","meta":{"_et_pb_use_builder":"","_et_pb_old_content":"","_et_gb_content_width":"","footnotes":"","_links_to":"","_links_to_target":""},"class_list":["post-83","page","type-page","status-publish","hentry"],"_links":{"self":[{"href":"https:\/\/www.solution-informatique.lu\/index.php?rest_route=\/wp\/v2\/pages\/83","targetHints":{"allow":["GET"]}}],"collection":[{"href":"https:\/\/www.solution-informatique.lu\/index.php?rest_route=\/wp\/v2\/pages"}],"about":[{"href":"https:\/\/www.solution-informatique.lu\/index.php?rest_route=\/wp\/v2\/types\/page"}],"author":[{"embeddable":true,"href":"https:\/\/www.solution-informatique.lu\/index.php?rest_route=\/wp\/v2\/users\/1"}],"replies":[{"embeddable":true,"href":"https:\/\/www.solution-informatique.lu\/index.php?rest_route=%2Fwp%2Fv2%2Fcomments&post=83"}],"version-history":[{"count":21,"href":"https:\/\/www.solution-informatique.lu\/index.php?rest_route=\/wp\/v2\/pages\/83\/revisions"}],"predecessor-version":[{"id":988,"href":"https:\/\/www.solution-informatique.lu\/index.php?rest_route=\/wp\/v2\/pages\/83\/revisions\/988"}],"up":[{"embeddable":true,"href":"https:\/\/www.solution-informatique.lu\/index.php?rest_route=\/wp\/v2\/pages\/45"}],"wp:attachment":[{"href":"https:\/\/www.solution-informatique.lu\/index.php?rest_route=%2Fwp%2Fv2%2Fmedia&parent=83"}],"curies":[{"name":"wp","href":"https:\/\/api.w.org\/{rel}","templated":true}]}}